posite number?
False
Is 47558983 a prime number?
True
Is 315228131 prime?
False
Is 16274689 prime?
True
Is 150838323 composite?
True
Is 555687749 composite?
True
Is 1195421 composite?
False
Is 12078853 composite?
False
Is 452731 a prime number?
True
Is 70550621 a prime number?
False
Is 107390729 a prime number?
True
Is 717643 composite?
True
Is 2371043 composite?
True
Is 10043105 prime?
False
Is 29371289 a prime number?
False
Is 29844097 a prime number?
False
Is 169641635 a composite number?
True
Is 72323663 prime?
True
Is 2295451 composite?
False
Is 1614757 a composite number?
False
Is 10011901 a prime number?
True
Is 65853839 a composite number?
False
Is 136621937 prime?
True
Is 3340231 a prime number?
False
Is 940895 composite?
True
Is 2433985 a prime number?
False
Is 7880251 prime?
True
Is 38593573 a prime number?
True
Is 1320791 a composite number?
False
Is 11303179 a composite number?
False
Is 5124349 prime?
True
Is 27479 composite?
False
Is 4618291 a composite number?
False
Is 615620095 a prime number?
False
Is 767409 prime?
False
Is 2006813 a composite number?
False
Is 4062127 a composite number?
False
Is 81791 a composite number?
True
Is 1867147 a prime number?
True
Is 5532389 a composite number?
False
Is 3389989 a prime number?
True
Is 17444711 a composite number?
False
Is 10153111 prime?
True
Is 19742519 a prime number?
True
Is 3277 prime?
False
Is 6215597 a composite number?
False
Is 22905637 a prime number?
True
Is 2743123 a composite number?
True
Is 76766687 a prime number?
True
Is 35942581 prime?
False
Is 43384739 a prime number?
False
Is 4580591 prime?
False
Is 113148677 composite?
False
Is 7822153 prime?
False
Is 22141387 a composite number?
True
Is 111116821 a composite number?
True
Is 3704161 a composite number?
False
Is 4240063 a prime number?
True
Is 1353635993 composite?
False
Is 2396627 composite?
False
Is 9700927 prime?
True
Is 4306019 prime?
True
Is 60762313 a prime number?
False
Is 93929531 composite?
False
Is 74735801 a prime number?
False
Is 79104887 composite?
False
Is 75834271 a prime number?
True
Is 650519 a prime number?
True
Is 4395271 composite?
False
Is 1432091 a composite number?
False
Is 2689213 a prime number?
False
Is 204251407 a prime number?
False
Is 259151 composite?
False
Is 1788067 a prime number?
True
Is 1088729 composite?
True
Is 537012397 a composite number?
False
Is 59404357 composite?
False
Is 6457469 a composite number?
True
Is 20954059 prime?
False
Is 9353195 a prime number?
False
Is 696793 composite?
False
Is 24562749 a composite number?
True
Is 330756761 prime?
True
Is 123777569 prime?
False
Is 5516695 composite?
True
Is 8876041 composite?
True
Is 23603221 a composite number?
True
Is 5519777 composite?
True
Is 1077677 a composite number?
False
Is 17449493 a composite number?
False
Is 105347467 prime?
False
Is 13396333 composite?
True
Is 34623763 a prime number?
False
Is 114187 composite?
True
Is 2276366 a composite number?
True
Is 1297327 composite?
True
Is 385700111 composite?
False
Is 4605299 a composite number?
False
Is 2770429 composite?
False
Is 2505487 a prime number?
True
Is 2257891 a prime number?
False
Is 344900357 a prime number?
True
Is 2571967 composite?
True
Is 1016669 a composite number?
True
Is 86413631 a prime number?
True
Is 39707 prime?
False
Is 2748313 composite?
False
Is 51915613 composite?
True
Is 9202969 prime?
False
Is 47373299 composite?
False
Is 184687453 prime?
True
Is 1385743 a composite number?
False
Is 27199747 composite?
False
Is 1269823 prime?
False
Is 29858905 composite?
True
Is 3946379 a prime number?
True
Is 5888323 a composite number?
True
Is 209759 a composite number?
True
Is 1135397 composite?
True
Is 407633771 prime?
False
Is 8840113 composite?
False
Is 144799 prime?
False
Is 15255907 a composite number?
True
Is 60950683 a prime number?
False
Is 17833259 a prime number?
True
Is 588383 a composite number?
False
Is 16054631 a prime number?
True
Is 832769 prime?
False
Is 117225113 composite?
True
Is 458719 a prime number?
True
Is 8574355 a prime number?
False
Is 14733217 a composite number?
False
Is 17503033 a prime number?
True
Is 2729983 a prime number?
True
Is 1990523 composite?
False
Is 38781547 a prime number?
False
Is 1323689 a prime number?
True
Is 8995379 a composite number?
True
Is 500032399 composite?
False
Is 47915447 prime?
True
Is 416303 prime?
False
Is 3420811 a prime number?
False
Is 34261057 composite?
False
Is 123601901 a composite number?
True
Is 1414093 composite?
True
Is 1702619 a prime number?
False
Is 1420742 a prime number?
False
Is 796337 composite?
False
Is 37092911 composite?
True
Is 7324871 a composite number?
False
Is 67270601 prime?
False
Is 66857993 prime?
True
Is 1264587305 a composite number?
True
Is 3651563 prime?
False
Is 35832491 composite?
False
Is 32730881 a prime number?
True
Is 5532389 a prime number?
True
Is 27739883 a composite number?
False
Is 12384433 composite?
True
Is 4965413 a composite number?
False
Is 1558079 composite?
False
Is 2667079 a prime number?
False
Is 43622071 prime?
False
Is 14401631 a prime number?
True
Is 7215317 a composite number?
True
Is 6817919 a prime number?
False
Is 86682049 a prime number?
False
Is 11071451 a composite number?
False
Is 745282105 a composite number?
True
Is 184783139 a composite number?
False
Is 1164257 a composite number?
True
Is 9916139 prime?
True
Is 55096402 a composite number?
True
Is 31934783 a composite number?
False
Is 211694479 a composite number?
False
Is 34379302 prime?
False
Is 8677829 composite?
False
Is 5066987 a composite number?
False
Is 4218413 prime?
True
Is 264457129 a prime number?
True
Is 26784301 prime?
True
Is 4640005 composite?
True
Is 8500673 composite?
False
Is 125550079 a prime number?
False
Is 13724731 prime?
True
Is 2124509 a prime number?
True
Is 8507357 prime?
True
Is 2312341 prime?
True
Is 365005699 a prime number?
False
Is 19869943 prime?
False
Is 26914963 composite?
True
Is 54216109 a composite number?
True
Is 51443417 a prime number?
True
Is 862721941 composite?
False
Is 36798527 composite?
True
Is 21157207 a prime number?
True
Is 336488579 composite?
True
Is 52099 a prime number?
False
Is 17768279 prime?
True
Is 5691223 a composite number?
True
Is 82895899 composite?
True
Is 99159581 a prime number?
True
Is 63384757 a prime number?
False
Is 2753117 prime?
False
Is 1337978 prime?
False
Is 1875739 a prime number?
False
Is 6917393 a prime number?
False
Is 53858713 a prime number?
False
Is 61079251 prime?
False
Is 16837117 a prime number?
False
Is 9225581 a composite number?
True
Is 10738019 a composite number?
False
Is 81593 composite?
True
Is 1917143 a prime number?
False
Is 189762407 a prime number?
False
Is 17901431 composite?
True
Is 3174871 composite?
True
Is 5683589 a prime number?
False
Is 104922539 a composite number?
False
Is 6722549 a composite number?
False
Is 198056633 prime?
True
Is 44883347 prime?
False
Is 86091605 a composite number?
True
Is 3441323 composite?
True
Is 3243269 a prime number?
False
Is 3893165 a prime number?
False
Is 327705347 a composite number?
True
Is 44372651 a prime number?
True
Is 372397 a composite number?
False
Is 24062893 composite?
False
Is 12305471 a composite number?
False
Is 36129361 a prime number?
True
Is 22152007 a prime number?
True
Is 62714137 a composite number?
True
Is 37409977 a prime number?
False
Is 165950567 composite?
False
Is 591929 a prime number?
False
Is 41818891 a composite number?
True
Is 2693245 composite?
True
Is 4690303 prime?
True
Is 269816681 a composite number?
True
Is 33418519 a composite number?
True
Is 26445311 composite?
False
Is 127240849 a prime number?
False
Is 47436979 a prime number?
True
Is 69275069 a prime number?
True
Is 270998579 composite?
True
Is 6742559 a prime number?
True
Is 307049167 prime?
False
Is 66216922 a prime number?
False
Is 1723027 a prime number?
True
Is 31384271 prime?
True
Is 2592089 a composite number?
False
Is 1810783 composite?
True
Is 2216953 composite?
True
Is 165930377 composite?
True
Is 6464467 prime?
False
Is 236142323 composite?
False
Is 2060347 a composite number?
False
Is 1943467 a composite number?
False
Is 1916827 a composite number?
True
Is 11358727 a prime number?
False
Is 167860807 a composite number?
False
Is 449732726 a p